 and 2616.
872
What is the greatest common divisor of 62 and 797378962?
62
What is the greatest common divisor of 3589 and 86839?
37
What is the highest common factor of 51 and 454222677?
51
What is the greatest common divisor of 8277 and 4838038932?
8277
What is the highest common divisor of 41251600 and 680?
40
Calculate the highest common factor of 1538 and 20585361.
769
Calculate the greatest common divisor of 8 and 34815482.
2
What is the greatest common factor of 1128015 and 9765?
315
What is the highest common factor of 17440899 and 3508?
877
Calculate the highest common factor of 2645636 and 1330.
266
What is the highest common divisor of 19376712 and 83946?
4938
Calculate the greatest common divisor of 10232 and 60328.
8
What is the greatest common divisor of 2048 and 163536?
16
Calculate the highest common factor of 847381590 and 279.
279
What is the greatest common divisor of 42654402 and 27534?
2118
Calculate the highest common divisor of 340124300 and 5.
5
Calculate the highest common divisor of 1521274423 and 5353.
5353
What is the greatest common factor of 114340 and 73280?
20
Calculate the greatest common factor of 3870 and 5391990.
90
What is the greatest common divisor of 5497156 and 92036?
532
What is the greatest common factor of 3307711 and 1595?
319
What is the greatest common factor of 524 and 368630594?
262
What is the highest common divisor of 21392003 and 282?
47
Calculate the greatest common divisor of 267844 and 290.
58
Calculate the highest common factor of 262001168 and 2984.
2984
Calculate the highest common factor of 1747304 and 151580.
2756
Calculate the highest common divisor of 3238799 and 1205.
241
Calculate the greatest common factor of 74 and 8268353.
37
What is the highest common divisor of 77489217 and 91?
13
Calculate the greatest common divisor of 7526 and 374604.
106
What is the highest common factor of 1840 and 2661744?
368
Calculate the highest common factor of 1350 and 27863100.
450
What is the highest common divisor of 30038 and 361882?
46
What is the highest common divisor of 141 and 329847222?
141
Calculate the highest common factor of 354 and 1978565826.
354
Calculate the greatest common divisor of 614 and 35590817.
307
What is the highest common factor of 68809 and 1171807?
1027
Calculate the greatest common factor of 745560580 and 236.
236
Calculate the greatest common divisor of 12196818 and 1458.
162
What is the greatest common divisor of 112 and 4033554?
14
Calculate the highest common divisor of 305 and 400585.
5
What is the greatest common factor of 20681466 and 1886?
82
Calculate the greatest common divisor of 128900 and 635.
5
What is the greatest common divisor of 21356 and 75285239?
5339
What is the greatest common divisor of 4949 and 23852867?
101
What is the highest common factor of 336777 and 1087751?
3871
Calculate the highest common divisor of 16656 and 397573168.
5552
Calculate the greatest common factor of 35042616 and 21.
21
What is the highest common divisor of 272 and 459870842?
34
What is the highest common divisor of 2058 and 1510516?
14
What is the greatest common factor of 171368 and 15872?
248
Calculate the highest common divisor of 52 and 161158036.
52
Calculate the greatest common divisor of 30349321 and 743.
743
What is the greatest common divisor of 1575 and 1107687?
21
What is the greatest common factor of 32 and 248826992?
16
What is the highest common factor of 80031 and 112147?
259
Calculate the greatest common factor of 16162716 and 504.
12
Calculate the highest common factor of 396869501 and 2121.
707
Calculate the greatest common divisor of 45992786 and 119.
119
What is the greatest common divisor of 190 and 74926975?
95
Calculate the highest common divisor of 242000 and 28325.
275
Calculate the highest common factor of 40224 and 2219862.
2514
Calculate the greatest common factor of 103906040 and 1328.
664
What is the highest common factor of 13805168 and 26?
26
Calculate the highest common factor of 769 and 250888557.
769
Calculate the highest common factor of 170521 and 1339.
13
Calculate the highest common divisor of 54 and 191627406.
18
What is the highest common factor of 158444442 and 18?
18
What is the greatest common factor of 806038 and 26878?
302
Calculate the highest common divisor of 1254 and 69987621.
627
Calculate the highest common divisor of 40 and 21867380.
20
What is the greatest common divisor of 54797418 and 162?
54
What is the highest common divisor of 481236644 and 1389?
463
Calculate the highest common divisor of 8480 and 672980.
20
Calculate the highest common divisor of 61994 and 1998542.
278
Calculate the greatest common divisor of 296 and 53672.
8
Calculate the highest common divisor of 130 and 133221946.
26
Calculate the highest common divisor of 98 and 51720039.
49
Calculate the greatest common factor of 37502724 and 588.
84
Calculate the greatest common factor of 16889104 and 88.
8
Calculate the greatest common divisor of 85 and 6146010.
85
Calculate the highest common factor of 3496977 and 225.
9
What is the highest common divisor of 206824 and 824927?
103
Calculate the highest common divisor of 45975440 and 1995.
665
What is the greatest common divisor of 134 and 193873478?
134
What is the highest common factor of 99 and 3147624?
9
What is the greatest common factor of 47776871 and 5296?
331
What is the greatest common factor of 42145795 and 147523?
5087
What is the greatest common divisor of 71560854 and 411?
411
What is the greatest common divisor of 515 and 1322720335?
515
What is the highest common divisor of 109937464 and 1638?
182
What is the greatest common factor of 380 and 1948878070?
190
Calculate the greatest common divisor of 12915 and 9194535.
315
What is the greatest common divisor of 2229346 and 357?
119
Calculate the greatest common factor of 11616 and 14836536.
2904
What is the greatest common factor of 3660 and 40792530?
1830
What is the greatest common factor of 11809612 and 116?
116
What is the highest common factor of 1 and 4042128?
1
Calculate the highest common factor of 550 and 2761900.
50
Calculate the highest common divisor of 7419306 and 93870.
894
What is the greatest common divisor of 7158151 and 722251?
7151
Calculate the greatest common divisor of 15009374 and 2404.
1202
Calculate the greatest common factor of 24914120 and 1144.
88
Calculate the greatest common factor of 603278 and 26.
26
What is the highest common factor of 1224 and 3473568?
72
What is the greatest common divisor of 43311937 and 51?
17
What is the highest common factor of 60 and 9579252?
12
Calculate the greatest common divisor of 935563 and 2020.
101
What is the highest common divisor of 45 and 1168227?
9
What is the highest common factor of 6202 and 350208334?
6202
What is the highest common factor of 179281467 and 18?
9
Calculate the greatest common factor of 211646 and 1038450.
1978
What is the highest common factor of 704 and 15563218?
22
Calculate the greatest common factor of 54267825 and 4590.
255
What is the greatest common divisor of 455529 and 249?
3
What is the greatest common divisor of 254 and 29632148?
254
What is the highest common divisor of 307594 and 4795560?
2422
What is the greatest common factor of 259254387 and 63?
63
What is the greatest common factor of 2585501787 and 8943?
8943
What is the highest common divisor of 2172 and 1395563214?
1086
What is the highest common factor of 320 and 2731712?
64
What is the highest common factor of 3162 and 279217?
31
What is the highest common divisor of 9759 and 1160413413?
9759
What is the greatest common divisor of 113999 and 2871?
29
Calculate the greatest common divisor of 1050561 and 144.
9
Calculate the greatest common divisor of 38828256 and 96.
96
Calculate the highest common factor of 131177 and 7661.
47
What is the greatest common factor of 53462646 and 27?
27
Calculate the greatest common divisor of 1848088 and 121.
11
Calculate the greatest common factor of 30545 and 158260.
205
What is the highest common factor of 924259 and 24649?
157
What is the greatest common divisor of 738067396 and 5660?
1132
Calculate the greatest common factor of 5983197 and 3531.
33
Calculate the greatest common factor of 11332 and 78800.
4
Calculate the greatest common div